he highest common divisor of 208 and 304?
16
Calculate the greatest common factor of 1296 and 744.
24
What is the greatest common divisor of 4008 and 28?
4
Calculate the greatest common divisor of 132 and 94908.
132
Calculate the highest common factor of 2516 and 1184.
148
What is the greatest common factor of 279 and 744?
93
What is the greatest common factor of 3300 and 2400?
300
Calculate the highest common factor of 133 and 437.
19
What is the highest common divisor of 3243 and 3?
3
Calculate the highest common divisor of 55 and 979.
11
Calculate the highest common factor of 27990 and 90.
90
Calculate the greatest common divisor of 801 and 9.
9
Calculate the highest common factor of 6222 and 408.
102
What is the greatest common factor of 1513 and 119?
17
Calculate the greatest common factor of 182 and 28.
14
What is the greatest common factor of 360 and 144?
72
Calculate the highest common divisor of 72 and 1272.
24
Calculate the highest common divisor of 3 and 738.
3
Calculate the greatest common divisor of 5 and 17.
1
Calculate the greatest common divisor of 78 and 1742.
26
Calculate the greatest common divisor of 19 and 1.
1
What is the greatest common divisor of 391 and 136?
17
Calculate the highest common divisor of 5968 and 96.
16
Calculate the highest common factor of 633 and 8440.
211
What is the highest common factor of 16 and 38?
2
Calculate the highest common divisor of 91 and 413.
7
Calculate the greatest common factor of 84 and 9786.
42
What is the greatest common divisor of 31 and 54?
1
What is the highest common factor of 572 and 182?
26
What is the highest common factor of 17 and 527?
17
What is the greatest common divisor of 21135 and 15?
15
What is the greatest common factor of 1025 and 82?
41
Calculate the greatest common divisor of 8 and 6040.
8
Calculate the greatest common factor of 540 and 20.
20
What is the greatest common divisor of 18 and 14967?
9
Calculate the greatest common factor of 123 and 1968.
123
What is the greatest common divisor of 391 and 69?
23
Calculate the highest common divisor of 156 and 12.
12
What is the greatest common factor of 580 and 5568?
116
Calculate the highest common divisor of 4428 and 108.
108
What is the highest common factor of 529 and 161?
23
What is the greatest common factor of 539 and 11?
11
What is the highest common divisor of 14692 and 4?
4
What is the greatest common factor of 117 and 5343?
39
Calculate the greatest common divisor of 170 and 306.
34
Calculate the greatest common factor of 100 and 250.
50
What is the highest common factor of 92 and 4?
4
What is the highest common divisor of 55 and 385?
55
Calculate the highest common factor of 10 and 135.
5
Calculate the highest common divisor of 16 and 16.
16
What is the greatest common divisor of 16 and 176?
16
Calculate the greatest common divisor of 238 and 658.
14
What is the greatest common divisor of 2500 and 900?
100
What is the greatest common divisor of 138 and 644?
46
What is the greatest common divisor of 2352 and 120?
24
What is the highest common divisor of 1634 and 38?
38
Calculate the greatest common divisor of 326 and 8639.
163
What is the highest common factor of 663 and 102?
51
Calculate the highest common factor of 441 and 392.
49
What is the greatest common factor of 209 and 2761?
11
What is the highest common factor of 124 and 310?
62
What is the highest common divisor of 801 and 333?
9
What is the greatest common factor of 110 and 2090?
110
Calculate the highest common divisor of 3895 and 475.
95
What is the highest common factor of 142 and 2627?
71
Calculate the greatest common divisor of 5 and 350.
5
Calculate the greatest common divisor of 31 and 88474.
31
Calculate the greatest common divisor of 90 and 22.
2
Calculate the greatest common divisor of 78 and 598.
26
What is the highest common factor of 45 and 1095?
15
What is the greatest common divisor of 9 and 36063?
9
Calculate the greatest common divisor of 1841 and 35.
7
What is the highest common divisor of 26 and 1058?
2
Calculate the greatest common divisor of 459 and 17.
17
What is the greatest common factor of 2352 and 72?
24
Calculate the highest common divisor of 124 and 2170.
62
Calculate the highest common divisor of 2 and 32.
2
Calculate the greatest common divisor of 1089 and 66.
33
Calculate the greatest common factor of 195 and 6.
3
What is the greatest common divisor of 110 and 7282?
22
What is the greatest common divisor of 924 and 77?
77
What is the greatest common divisor of 36 and 88038?
18
Calculate the greatest common divisor of 160 and 3040.
160
Calculate the highest common divisor of 5037 and 23.
23
Calculate the highest common divisor of 424 and 120.
8
Calculate the highest common factor of 334 and 2.
2
Calculate the greatest common factor of 63 and 72.
9
Calculate the highest common factor of 2363 and 278.
139
What is the greatest common divisor of 550 and 170?
10
Calculate the greatest common divisor of 17013 and 318.
159
Calculate the greatest common divisor of 363 and 2299.
121
What is the highest common divisor of 25 and 2?
1
Calculate the greatest common factor of 204 and 24.
12
Calculate the greatest common divisor of 3173 and 19.
19
Calculate the highest common divisor of 40 and 88.
8
What is the highest common divisor of 750 and 6?
6
What is the highest common factor of 2835 and 105?
105
Calculate the greatest common divisor of 56 and 64.
8
Calculate the greatest common divisor of 72 and 15102.
18
Calculate the greatest common factor of 91 and 26.
13
Calculate the highest common factor of 2 and 34.
2
What is the greatest common factor of 119 and 136?
17
Calculate the highest common divisor of 1717 and 101.
101
Calculate the greatest common divisor of 424 and 16.
8
What is the greatest common factor of 259 and 185?
37
Calculate the greatest common divisor of 3317 and 31.
31
Calculate the greatest common divisor of 297 and 54.
27
Calculate the greatest common divisor of 550 and 20.
10
What is the highest common factor of 40 and 7460?
20
What is the highest common factor of 45 and 63?
9
Calculate the greatest common divisor of 570 and 180.
30
What is the greatest common factor of 21 and 427?
7
Calculate the highest common divisor of 73 and 8249.
73
Calculate the highest common factor of 610 and 10.
10
Calculate the greatest common factor of 84 and 798.
42
What is the highest common divisor of 294 and 6?
6
What is the greatest common factor of 16 and 38?
2
Calculate the highest common factor of 24 and 372.
12
Calculate the greatest common factor of 296 and 216.
8
What is the greatest common divisor of 54 and 4293?
27
What is the greatest common divisor of 640 and 120?
40
Calculate the greatest common divisor of 130 and 170.
10
What is the greatest common factor of 715 and 187?
11
Calculate the highest common divisor of 44 and 77.
11
Calculate the highest common divisor of 6 and 11586.
6
Calculate the greatest common factor of 1258 and 68.
34
What is the greatest common factor of 8145 and 81?
9
Calculate the highest common divisor of 28 and 126.
14
What is the highest common divisor of 3630 and 280?
10
What is the greatest common factor of 169 and 65?
13
What is the greatest common divisor of 2541 and 7?
7
Calculate the highest common divisor of 5083 and 3519.
391
What is the highest common factor of 24 and 8?
8
What is the highest common divisor of 360 and 8?
8
Calculate the greatest common factor of 4756 and 205.
41
What is the greatest common divisor of 700 and 56?
28
Calculate the highest common divisor of 432 and 88.
8
What is the highest common factor of 3182 and 962?
74
What is the highest common divisor of 7775 and 25?
25
Calculate the greatest common divisor of 27 and 270.
27
What is the highest common factor of 51 and 170?
17
Calculate the highest common factor of 90 and 144.
18
Calculate the highest common divisor of 61 and 22143.
61
What is the greatest common factor of 40454 and 358?
358
What is the greatest common divisor of 94226 and 22?
22
Calculate the highest common factor of 98 and 931.
49
Calculate the highest common factor of 21 and 15981.
21
What is the highest common factor of 1045 and 10?
5
Calculate the greatest common factor of 175 and 14.
7
What is the greatest common divisor of 4485 and 7